32
What is 0 (base 16) in base 9?
0
What is -503 (base 6) in base 14?
-d1
-e8 (base 16) to base 9
-277
20 (base 13) to base 4
122
What is -45 (base 13) in base 6?
-133
-102 (base 3) to base 2
-1011
-4 (base 13) to base 4
-10
0 (base 15) to base 14
0
-9 (base 13) to base 5
-14
Convert 12 (base 6) to base 16.
8
Convert 10000 (base 3) to base 7.
144
-6 (base 13) to base 4
-12
25 (base 12) to base 3
1002
Convert -12 (base 6) to base 14.
-8
Convert -6 (base 8) to base 15.
-6
Convert 6 (base 15) to base 4.
12
What is -5 (base 7) in base 3?
-12
101 (base 3) to base 5
20
4 (base 6) to base 12
4
What is 28 (base 16) in base 3?
1111
Convert 0 (base 10) to base 9.
0
What is 21 (base 4) in base 5?
14
55 (base 8) to base 13
36
What is -12 (base 4) in base 13?
-6
What is c (base 14) in base 6?
20
1d (base 16) to base 9
32
-6 (base 8) to base 11
-6
2 (base 10) to base 16
2
Convert 3 (base 5) to base 3.
10
What is 100 (base 3) in base 4?
21
What is 15 (base 11) in base 12?
14
What is 14 (base 9) in base 13?
10
Convert 3 (base 9) to base 12.
3
What is 7 (base 8) in base 9?
7
-a (base 14) to base 3
-101
What is 4 (base 12) in base 5?
4
Convert -3 (base 9) to base 4.
-3
-18b (base 12) to base 10
-251
What is 99 (base 16) in base 13?
ba
Convert -6 (base 10) to base 14.
-6
-120 (base 3) to base 16
-f
What is 5b (base 15) in base 13?
68
-5 (base 15) to base 5
-10
-1211 (base 3) to base 7
-100
-100001 (base 2) to base 16
-21
What is -4 (base 16) in base 3?
-11
Convert 4 (base 8) to base 6.
4
What is 4 (base 12) in base 13?
4
Convert 51 (base 11) to base 5.
211
-12 (base 10) to base 14
-c
-3 (base 13) to base 6
-3
What is 41 (base 5) in base 16?
15
Convert -17 (base 16) to base 10.
-23
Convert -44 (base 14) to base 10.
-60
Convert 5 (base 12) to base 11.
5
121 (base 5) to base 11
33
Convert 3 (base 7) to base 10.
3
What is -10110 (base 2) in base 12?
-1a
What is -95 (base 13) in base 15?
-82
-2 (base 14) to base 5
-2
What is -3 (base 14) in base 6?
-3
Convert -b (base 15) to base 8.
-13
Convert c (base 15) to base 16.
c
What is -2 (base 12) in base 9?
-2
What is -4 (base 7) in base 13?
-4
-6b (base 12) to base 2
-1010011
What is 13 (base 8) in base 5?
21
What is -12 (base 4) in base 11?
-6
Convert -154 (base 7) to base 14.
-64
What is 5 (base 7) in base 5?
10
1 (base 5) to base 4
1
Convert -b (base 12) to base 10.
-11
What is 11 (base 10) in base 7?
14
What is -11 (base 6) in base 11?
-7
-122 (base 8) to base 4
-1102
1 (base 2) to base 3
1
-3 (base 8) to base 12
-3
Convert -4 (base 11) to base 3.
-11
Convert -236 (base 11) to base 12.
-1b5
What is 0 (base 15) in base 6?
0
31 (base 7) to base 15
17
70 (base 8) to base 7
110
What is 0 (base 4) in base 11?
0
What is 96 (base 16) in base 7?
303
What is -10 (base 12) in base 11?
-11
What is 33 (base 13) in base 3?
1120
What is -27 (base 8) in base 5?
-43
What is -58 (base 15) in base 5?
-313
What is -21 (base 3) in base 14?
-7
3 (base 11) to base 9
3
-6b (base 12) to base 3
-10002
0 (base 15) to base 8
0
What is -12021 (base 3) in base 13?
-ac
Convert 12 (base 12) to base 13.
11
Convert -15 (base 14) to base 11.
-18
-c9 (base 13) to base 7
-324
Convert 0 (base 14) to base 13.
0
1 (base 10) to base 6
1
What is -1 (base 15) in base 13?
-1
-5 (base 11) to base 6
-5
Convert 21 (base 10) to base 7.
30
What is -12 (base 9) in base 5?
-21
What is 3 (base 15) in base 5?
3
Convert -1b (base 16) to base 8.
-33
What is 1 (base 9) in base 16?
1
What is -107 (base 11) in base 7?
-242
What is -2231 (base 4) in base 5?
-1143
4 (base 5) to base 2
100
Convert 3 (base 4) to base 12.
3
47 (base 8) to base 9
43
3b (base 14) to base 2
110101
What is -134 (base 7) in base 2?
-1001010
1200 (base 3) to base 11
41
What is -39 (base 12) in base 5?
-140
What is 0 (base 13) in base 6?
0
What is 1 (base 12) in base 2?
1
Convert 2 (base 4) to base 9.
2
Convert 78 (base 11) to base 3.
10011
3 (base 15) to base 6
3
Convert 10 (base 2) to base 7.
2
434 (base 5) to base 16
77
Convert -142 (base 5) to base 6.
-115
Convert -6 (base 16) to base 5.
-11
-16 (base 9) to base 7
-21
92 (base 10) to base 14
68
What is 1101 (base 2) in base 14?
d
-3 (base 9) to base 16
-3
Convert 10001 (base 2) to base 9.
18
What is 30 (base 10) in base 4?
132
Convert -122 (base 4) to base 8.
-32
Convert -10 (base 2) to base 11.
-2
Convert 10 (base 11) to base 6.
15
-3 (base 11) to base 7
-3
What is -b (base 13) in base 3?
-102
What is -7 (base 15) in base 13?
-7
Convert 130 (base 4) to base 2.
11100
19 (base 10) to base 4
103
11 (base 8) to base 4
21
Convert 1220 (base 3) to base 5.
201
21 (base 14) to base 3
1002
What is 41 (base 5) in base 12?
19
Convert 2a (base 12) to base 10.
34
What is -1111 (base 2) in base 14?
-11
46 (base 7) to base 13
28
Convert -1310 (base 4) to base 5.
-431
What is -4c (base 13) in base 8?
-100
Convert -100220 (base 3) to base 10.
-267
-2 (base 6) to base 8
-2
Convert 190 (base 11) to base 7.
433
-103 (base 13) to base 11
-147
What is 6 (base 7) in base 5?
11
Convert 10 (base 5) to base 7.
5
What is 116 (base 13) in base 11?
161
Convert 15 (base 11) to base 12.
14
What is -224 (base 13) in base 6?
-1412
Convert 2 (base 7) to base 14.
2
What is 120 (base 3) in base 2?
1111
87 (base 15) to base 7
241
Convert -1 (base 11) to base 9.
-1
100 (base 2) to base 5
4
-1 (base 3) to base 13
-1
What is -11012 (base 3) in base 8?
-161
What is 3 (base 15) in base 11?
3
What is 1d (base 14) in base 12?
23
6 (base 9) to base 11
6
-22 (base 3) to base 11
-8
Convert 102 (base 3) to base 15.
b
Convert 411 (base 9) to base 11.
284
-3 (base 12) to base 5
-3
-a (base 14) to base 4
-22
Convert 120 (base 3) to base 14.
11
Convert -1 (base 4) to base 14.
-1
What is -15 (base 8) in base 12?
-11
Convert 0 (base 16) to base 12.
0
What is 0 (base 15) in base 4?
0
What is -11 (base 7) in base 15?
-8
What is -3 (base 8) in base 3?
-10
What is -1 (base 7) in base 10?
-1
1 (base 12) to base 6
1
1 (base 7) to base 15
1
-11 (base 8) to base 9
-10
112 (base 7) to base 16
3a
What is 334 (base 5) in base 8?
136
-10010010 (base 2) to base 16
-92
3 (base 11) to base 14
3
Convert -2 (base 4) to base 8.
-2
What is -111 (base 3) in base 13?
-10
16 (base 11) to base 15
12
Convert -3 (base 4) to base 9.
-3
What is -21 (base 16) in base 8?
-41
What is -b (base 16) in base 8?
-13
What is 4 (base 14) in base 13?
4
Convert 11 (base 14) to base 3.
120
Convert d2 (base 14) to base 10.
184
What is 14 (base 8) in base 10?
12
What is -40 (base 14) in base 10?
-56
-c (base 14) to base 8
-14
-1 (base 9) to base 16
-1
-78 (base 12) to base 13
-71
What is 0 (base 15) in base 3?
0
Convert -44 (base 10) to base 11.
-40
What is 2 (base 3) in base 14?
2
13 (base 16) to base 4
103
-32 (base 9) to base 14
-21
What is 2 (base 8) in base 3?
2
Convert -313 (base 4) to base 3.
-2001
-291 (base 10) to base 14
-16b
Convert 8 (base 14) to base 12.
8
Convert 200 (base 3) to base 4.
102
-76 (base 10) to base 2
-1001100
Convert 1125 (base 6) to base 12.
1a5
Convert -2 (base 13) to base 16.
-2
15 (base 8) to base 6
21
100001 (base 2) to base 12
29
Convert 110101 (base 2) to base 14.
3b
What is -3033 (base 5) in base 9?
-476
What is 212 (base 4) in base 11?
35
Convert 0 (base 8) to base 13.
0
-11 (base 10) to base 5
-21
What is -1 (base 9) in base 3?
-1
88 (base 16) to base 9
161
What is -5 (base 6) in base 4?
-11
-52 (base 6) to base 9
-35
57 (base 12) to base 8
103
Convert -3 (base 15) to base 6.
-3
-4 (base 6) to base 15
-4
Convert 200 (base 4) to base 11.
2a
What is -8 (base 14) in base 8?
-10
Convert -2 (base 13) to base 5.
-2
Convert 6 (base 11) to base 13.
6
-12 (base 12) to base 16
-e
What is a (base 14) in base 13?
a
Convert -210 (base 5) to base 4.
-313
Convert 0 (base 7) to base 3.
0
Convert 3 (base 10) to base 6.
3
Convert 36 (base 13) to base 12.
39
-133 (base 6) to base 9
-63
What is -89 (base 15) in base 7?
-243
What is 11c (base 15) in base 2?
11111100
What is 3 (base 10) in base 4?
3
Convert -4 (base 10) to base 6.
-4
What is 162 (base 11) in base 15?
c9
0 (base 2) to base 4
0
Convert 100 (base 6) to base 15.
26
3 (base 8) to base 7
3
What is -53 (base 8) in base 16?
-2b
Convert 22 (base 4) to base 8.
12
8f (base 16) to base 10
143
Convert 4 (base 9) to base 11.
4
-1000 (base 2) to base 3
-22
65 (base 10)